{"id":29,"date":"2020-03-25T22:03:00","date_gmt":"2020-03-25T21:03:00","guid":{"rendered":"http:\/\/neuende-kita.de\/?page_id=29"},"modified":"2024-08-20T17:06:51","modified_gmt":"2024-08-20T15:06:51","slug":"allgemeines","status":"publish","type":"page","link":"https:\/\/neuende-kita.de\/?page_id=29","title":{"rendered":"Allgemeines"},"content":{"rendered":"\n<h2 class=\"wp-block-heading\">Konzeption<\/h2>\n\n\n\n<p class=\"has-black-color has-text-color\" style=\"font-size:20px\"><strong>Bitte klicken Sie<a aria-label=\" (\u00f6ffnet in neuem Tab)\" rel=\"noreferrer noopener\" href=\"https:\/\/neuende-kita.de\/wp-content\/uploads\/2020\/04\/Konzeption_oPB.pdf\" target=\"_blank\"> <em>Konzeption des Ev.-Luth. Kindergarten Neuende<\/em><\/a>,<br>um das Dokument lesen zu k\u00f6nnen.<\/strong><\/p>\n\n\n\n<div style=\"height:40px\" aria-hidden=\"true\" class=\"wp-block-spacer\"><\/div>\n\n\n\n<h2 class=\"wp-block-heading\">Unsere Gruppen<\/h2>\n\n\n\n<p class=\"has-black-color has-text-color\" style=\"font-size:20px\"><strong>Insgesamt werden in der Einrichtung 84 Kinder im Alter von 3-6 Jahren\u00a0 betreut; davon jeweils 23 Kinder in einer Halbtags- und in zwei Ganztagsgruppen sowie 15 Kinder in einer Integrationsgruppe, davon 4 Integrationspl\u00e4tze.<\/strong><\/p>\n\n\n\n<div style=\"height:40px\" aria-hidden=\"true\" class=\"wp-block-spacer\"><\/div>\n\n\n\n<h2 class=\"wp-block-heading\">\u00d6ffnungszeiten<\/h2>\n\n\n\n<p class=\"has-black-color has-text-color\" style=\"font-size:20px\"><strong><em>Halbtagsgruppe<\/em><\/strong><br><strong>Montag bis Freitag 08<sup>00<\/sup>-14<sup>00<\/sup> <\/strong><\/p>\n\n\n\n<p class=\"has-black-color has-text-color\" style=\"font-size:20px\"><strong><em>Ganztagsgruppe I<\/em><\/strong><br><strong>Montag bis Donnerstag 08<sup>00<\/sup>-15<sup>30<\/sup> <br>Freitag 08<sup>00<\/sup>&#8211; 14<sup>00<\/sup>  <\/strong><\/p>\n\n\n\n<p class=\"has-black-color has-text-color\" style=\"font-size:20px\"><strong><em>Ganztagsgruppe II<\/em><\/strong><br><strong>Montag bis Donnerstag 08<sup>00<\/sup>-16<sup>00 <\/sup> <br>Freitag 08<sup>00<\/sup>-14<sup>30<\/sup> <\/strong><\/p>\n\n\n\n<p class=\"has-black-color has-text-color\" style=\"font-size:20px\"><strong><em>Integrationsgruppe<\/em><\/strong><br><strong>Montag bis Freitag 08<sup>00<\/sup>-13<sup>00<\/sup><\/strong> <\/p>\n\n\n\n<p class=\"has-black-color has-text-color\" style=\"font-size:20px\"><strong><em>Sonder\u00f6ffnungszeit Fr\u00fchdienst *<\/em><\/strong><br><strong>Montag-Freitag 07<sup>30<\/sup>-08<sup>00<\/sup> <\/strong><\/p>\n\n\n\n<div class=\"wp-block-group is-layout-flow wp-block-group-is-layout-flow\"><div class=\"wp-block-group__inner-container\">\n<div class=\"wp-block-group alignfull is-layout-flow wp-block-group-is-layout-flow\"><div class=\"wp-block-group__inner-container\">\n<div class=\"wp-block-group is-layout-flow wp-block-group-is-layout-flow\"><div class=\"wp-block-group__inner-container\"><\/div><\/div>\n<\/div><\/div>\n<\/div><\/div>\n\n\n\n<p class=\"has-black-color has-text-color\" style=\"font-size:18px\"><strong><em>* Sonder\u00f6ffnungszeiten<\/em><\/strong><br><em>sind ein zus\u00e4tzliches Betreuungsangebot f\u00fcr berufst\u00e4tige Eltern,<\/em><br><em>und sind gesondert bei der Kindergartenleitung anzumelden.<\/em> <\/p>\n","protected":false},"excerpt":{"rendered":"<p>Konzeption Bitte klicken Sie Konzeption des Ev.-Luth. Kindergarten Neuende,um das Dokument lesen zu k\u00f6nnen. Unsere Gruppen Insgesamt werden in der Einrichtung 84 Kinder im Alter von 3-6 Jahren\u00a0 betreut; davon jeweils 23 Kinder in einer Halbtags- und in zwei Ganztagsgruppen [&hellip;]<\/p>\n","protected":false},"author":2,"featured_media":0,"parent":0,"menu_order":0,"comment_status":"closed","ping_status":"closed","template":"","meta":{"footnotes":""},"_links":{"self":[{"href":"https:\/\/neuende-kita.de\/index.php?rest_route=\/wp\/v2\/pages\/29"}],"collection":[{"href":"https:\/\/neuende-kita.de\/index.php?rest_route=\/wp\/v2\/pages"}],"about":[{"href":"https:\/\/neuende-kita.de\/index.php?rest_route=\/wp\/v2\/types\/page"}],"author":[{"embeddable":true,"href":"https:\/\/neuende-kita.de\/index.php?rest_route=\/wp\/v2\/users\/2"}],"replies":[{"embeddable":true,"href":"https:\/\/neuende-kita.de\/index.php?rest_route=%2Fwp%2Fv2%2Fcomments&post=29"}],"version-history":[{"count":22,"href":"https:\/\/neuende-kita.de\/index.php?rest_route=\/wp\/v2\/pages\/29\/revisions"}],"predecessor-version":[{"id":595,"href":"https:\/\/neuende-kita.de\/index.php?rest_route=\/wp\/v2\/pages\/29\/revisions\/595"}],"wp:attachment":[{"href":"https:\/\/neuende-kita.de\/index.php?rest_route=%2Fwp%2Fv2%2Fmedia&parent=29"}],"curies":[{"name":"wp","href":"https:\/\/api.w.org\/{rel}","templated":true}]}}

<h2 class="wp-block-heading">Konzeption</h2>



<p class="has-black-color has-text-color" style="font-size:20px"><strong>Bitte klicken Sie<a aria-label=" (öffnet in neuem Tab)" rel="noreferrer noopener" href="https://neuende-kita.de/wp-content/uploads/2020/04/Konzeption_oPB.pdf" target="_blank"> <em>Konzeption des Ev.-Luth. Kindergarten Neuende</em></a>,<br>um das Dokument lesen zu können.</strong></p>



<div style="height:40px" aria-hidden="true" class="wp-block-spacer"></div>



<h2 class="wp-block-heading">Unsere Gruppen</h2>



<p class="has-black-color has-text-color" style="font-size:20px"><strong>Insgesamt werden in der Einrichtung 84 Kinder im Alter von 3-6 Jahren  betreut; davon jeweils 23 Kinder in einer Halbtags- und in zwei Ganztagsgruppen sowie 15 Kinder in einer Integrationsgruppe, davon 4 Integrationsplätze.</strong></p>



<div style="height:40px" aria-hidden="true" class="wp-block-spacer"></div>



<h2 class="wp-block-heading">Öffnungszeiten</h2>



<p class="has-black-color has-text-color" style="font-size:20px"><strong><em>Halbtagsgruppe</em></strong><br><strong>Montag bis Freitag 08<sup>00</sup>-14<sup>00</sup> </strong></p>



<p class="has-black-color has-text-color" style="font-size:20px"><strong><em>Ganztagsgruppe I</em></strong><br><strong>Montag bis Donnerstag 08<sup>00</sup>-15<sup>30</sup> <br>Freitag 08<sup>00</sup>&#8211; 14<sup>00</sup>  </strong></p>



<p class="has-black-color has-text-color" style="font-size:20px"><strong><em>Ganztagsgruppe II</em></strong><br><strong>Montag bis Donnerstag 08<sup>00</sup>-16<sup>00 </sup> <br>Freitag 08<sup>00</sup>-14<sup>30</sup> </strong></p>



<p class="has-black-color has-text-color" style="font-size:20px"><strong><em>Integrationsgruppe</em></strong><br><strong>Montag bis Freitag 08<sup>00</sup>-13<sup>00</sup></strong> </p>



<p class="has-black-color has-text-color" style="font-size:20px"><strong><em>Sonderöffnungszeit Frühdienst *</em></strong><br><strong>Montag-Freitag 07<sup>30</sup>-08<sup>00</sup> </strong></p>



<div class="wp-block-group is-layout-flow wp-block-group-is-layout-flow"><div class="wp-block-group__inner-container">
<div class="wp-block-group alignfull is-layout-flow wp-block-group-is-layout-flow"><div class="wp-block-group__inner-container">
<div class="wp-block-group is-layout-flow wp-block-group-is-layout-flow"><div class="wp-block-group__inner-container"></div></div>
</div></div>
</div></div>



<p class="has-black-color has-text-color" style="font-size:18px"><strong><em>* Sonderöffnungszeiten</em></strong><br><em>sind ein zusätzliches Betreuungsangebot für berufstätige Eltern,</em><br><em>und sind gesondert bei der Kindergartenleitung anzumelden.</em> </p>

<p>Konzeption Bitte klicken Sie Konzeption des Ev.-Luth. Kindergarten Neuende,um das Dokument lesen zu können. Unsere Gruppen Insgesamt werden in der Einrichtung 84 Kinder im Alter von 3-6 Jahren  betreut; davon jeweils 23 Kinder in einer Halbtags- und in zwei Ganztagsgruppen [&hellip;]</p>
